{"id":233809,"date":"2025-11-15T03:17:18","date_gmt":"2025-11-15T03:17:18","guid":{"rendered":"https:\/\/promis.ro\/product\/recycled-hooded-padded-parka\/"},"modified":"2025-11-15T06:46:12","modified_gmt":"2025-11-15T06:46:12","slug":"recycled-hooded-padded-parka","status":"publish","type":"product","link":"https:\/\/promis.ro\/ro\/produs\/recycled-hooded-padded-parka\/","title":{"rendered":"Recycled Hooded Padded Parka"},"content":{"rendered":"<p><strong>Exterior:<\/strong> 100% nailon, reciclat<\/p>\n<p><strong>Vat\u0103:<\/strong> 220 g\/m\u00b2, 100% poliester, reciclat\u0103<\/p>\n<p><strong>Captuseala:<\/strong> 100% poliester, reciclat<\/p>\n<p><strong>Rezistent la ap\u0103, respirabil \u0219i rezistent la v\u00e2nt<\/strong><\/p>\n<p><strong>Design contemporan matlasat<\/strong><\/p>\n<ul>\n<li>Glug\u0103 elastic\u0103 c\u0103ptu\u0219it\u0103 \u0219i legat\u0103<\/li>\n<li>Fermoar complet cu clap\u0103 de furtun\u0103 interioar\u0103<\/li>\n<li>Bucla suspendat\u0103<\/li>\n<li>Buzunare laterale cu fermoar<\/li>\n<li>Buzunar interior<\/li>\n<li>Man\u0219et\u0103 elastic\u0103<\/li>\n<li>Lungime mai mare<\/li>\n<li>Tivul drept<\/li>\n<\/ul>\n<p>\u021aes\u0103tur\u0103 reciclat\u0103 folosind materiale ecologice, fabricate din 22 de sticle de plastic reciclate \u0219i de\u0219euri post-industriale, oferind un echivalent durabil cu firele conven\u021bionale.<\/p>","protected":false},"excerpt":{"rendered":"<p>Exterior: 100% nailon, reciclat Vat\u0103: 220 g\/m\u00b2, 100% poliester, reciclat\u0103 Captuseala: 100% poliester, reciclat Rezistent la ap\u0103, respirabil \u0219i rezistent<\/p>","protected":false},"featured_media":233804,"comment_status":"open","ping_status":"closed","template":"","meta":[],"product_brand":[],"product_cat":[193],"product_tag":[],"class_list":{"0":"post-233809","1":"product","2":"type-product","3":"status-publish","4":"has-post-thumbnail","6":"product_cat-ploaie-si-frig","8":"first","9":"instock","10":"shipping-taxable","11":"purchasable","12":"product-type-variable"},"yoast_head":"<!-- This site is optimized with the Yoast SEO plugin v27.4 - https:\/\/yoast.com\/product\/yoast-seo-wordpress\/ -->\n<title>Recycled Hooded Padded Parka - Promis.ro<\/title>\n<meta name=\"description\" content=\"Exterior: 100% nailon, reciclat Vat\u0103: 220 g\/m\u00b2, 100% poliester, reciclat\u0103 Captuseala: 100% poliester, reciclat Rezistent la ap\u0103, respirabil \u0219i rezistent\" \/>\n<meta name=\"robots\" content=\"index, follow, max-snippet:-1, max-image-preview:large, max-video-preview:-1\" \/>\n<link rel=\"canonical\" href=\"https:\/\/promis.ro\/ro\/produs\/recycled-hooded-padded-parka\/\" \/>\n<meta property=\"og:locale\" content=\"ro_RO\" \/>\n<meta property=\"og:type\" content=\"article\" \/>\n<meta property=\"og:title\" content=\"Recycled Hooded Padded Parka - Promis.ro\" \/>\n<meta property=\"og:description\" content=\"Exterior: 100% nailon, reciclat Vat\u0103: 220 g\/m\u00b2, 100% poliester, reciclat\u0103 Captuseala: 100% poliester, reciclat Rezistent la ap\u0103, respirabil \u0219i rezistent\" \/>\n<meta property=\"og:url\" content=\"https:\/\/promis.ro\/ro\/produs\/recycled-hooded-padded-parka\/\" \/>\n<meta property=\"og:site_name\" content=\"Promis.ro\" \/>\n<meta property=\"article:modified_time\" content=\"2025-11-15T06:46:12+00:00\" \/>\n<meta property=\"og:image\" content=\"https:\/\/promis.ro\/wp-content\/uploads\/2025\/11\/212_33_300_m-2025_06.jpg\" \/>\n\t<meta property=\"og:image:width\" content=\"1024\" \/>\n\t<meta property=\"og:image:height\" content=\"1304\" \/>\n\t<meta property=\"og:image:type\" content=\"image\/jpeg\" \/>\n<meta name=\"twitter:card\" content=\"summary_large_image\" \/>\n<script type=\"application\/ld+json\" class=\"yoast-schema-graph\">{\"@context\":\"https:\\\/\\\/schema.org\",\"@graph\":[{\"@type\":\"WebPage\",\"@id\":\"https:\\\/\\\/promis.ro\\\/product\\\/recycled-hooded-padded-parka\\\/\",\"url\":\"https:\\\/\\\/promis.ro\\\/product\\\/recycled-hooded-padded-parka\\\/\",\"name\":\"Recycled Hooded Padded Parka - Promis.ro\",\"isPartOf\":{\"@id\":\"https:\\\/\\\/promis.ro\\\/#website\"},\"primaryImageOfPage\":{\"@id\":\"https:\\\/\\\/promis.ro\\\/product\\\/recycled-hooded-padded-parka\\\/#primaryimage\"},\"image\":{\"@id\":\"https:\\\/\\\/promis.ro\\\/product\\\/recycled-hooded-padded-parka\\\/#primaryimage\"},\"thumbnailUrl\":\"https:\\\/\\\/promis.ro\\\/wp-content\\\/uploads\\\/2025\\\/11\\\/212_33_300_m-2025_06.jpg\",\"datePublished\":\"2025-11-15T03:17:18+00:00\",\"dateModified\":\"2025-11-15T06:46:12+00:00\",\"description\":\"Exterior: 100% nailon, reciclat Vat\u0103: 220 g\\\/m\u00b2, 100% poliester, reciclat\u0103 Captuseala: 100% poliester, reciclat Rezistent la ap\u0103, respirabil \u0219i rezistent\",\"breadcrumb\":{\"@id\":\"https:\\\/\\\/promis.ro\\\/product\\\/recycled-hooded-padded-parka\\\/#breadcrumb\"},\"inLanguage\":\"ro-RO\",\"potentialAction\":[{\"@type\":\"ReadAction\",\"target\":[\"https:\\\/\\\/promis.ro\\\/product\\\/recycled-hooded-padded-parka\\\/\"]}]},{\"@type\":\"ImageObject\",\"inLanguage\":\"ro-RO\",\"@id\":\"https:\\\/\\\/promis.ro\\\/product\\\/recycled-hooded-padded-parka\\\/#primaryimage\",\"url\":\"https:\\\/\\\/promis.ro\\\/wp-content\\\/uploads\\\/2025\\\/11\\\/212_33_300_m-2025_06.jpg\",\"contentUrl\":\"https:\\\/\\\/promis.ro\\\/wp-content\\\/uploads\\\/2025\\\/11\\\/212_33_300_m-2025_06.jpg\",\"width\":1024,\"height\":1304},{\"@type\":\"BreadcrumbList\",\"@id\":\"https:\\\/\\\/promis.ro\\\/product\\\/recycled-hooded-padded-parka\\\/#breadcrumb\",\"itemListElement\":[{\"@type\":\"ListItem\",\"position\":1,\"name\":\"Home\",\"item\":\"https:\\\/\\\/promis.ro\\\/\"},{\"@type\":\"ListItem\",\"position\":2,\"name\":\"Magazin\",\"item\":\"https:\\\/\\\/promis.ro\\\/magazin\\\/\"},{\"@type\":\"ListItem\",\"position\":3,\"name\":\"Recycled Hooded Padded Parka\"}]},{\"@type\":\"WebSite\",\"@id\":\"https:\\\/\\\/promis.ro\\\/#website\",\"url\":\"https:\\\/\\\/promis.ro\\\/\",\"name\":\"Promis.ro\",\"description\":\"\",\"potentialAction\":[{\"@type\":\"SearchAction\",\"target\":{\"@type\":\"EntryPoint\",\"urlTemplate\":\"https:\\\/\\\/promis.ro\\\/?s={search_term_string}\"},\"query-input\":{\"@type\":\"PropertyValueSpecification\",\"valueRequired\":true,\"valueName\":\"search_term_string\"}}],\"inLanguage\":\"ro-RO\"}]}<\/script>\n<!-- \/ Yoast SEO plugin. -->","yoast_head_json":{"title":"Recycled Hooded Padded Parka - Promis.ro","description":"Exterior: 100% nailon, reciclat Vat\u0103: 220 g\/m\u00b2, 100% poliester, reciclat\u0103 Captuseala: 100% poliester, reciclat Rezistent la ap\u0103, respirabil \u0219i rezistent","robots":{"index":"index","follow":"follow","max-snippet":"max-snippet:-1","max-image-preview":"max-image-preview:large","max-video-preview":"max-video-preview:-1"},"canonical":"https:\/\/promis.ro\/ro\/produs\/recycled-hooded-padded-parka\/","og_locale":"ro_RO","og_type":"article","og_title":"Recycled Hooded Padded Parka - Promis.ro","og_description":"Exterior: 100% nailon, reciclat Vat\u0103: 220 g\/m\u00b2, 100% poliester, reciclat\u0103 Captuseala: 100% poliester, reciclat Rezistent la ap\u0103, respirabil \u0219i rezistent","og_url":"https:\/\/promis.ro\/ro\/produs\/recycled-hooded-padded-parka\/","og_site_name":"Promis.ro","article_modified_time":"2025-11-15T06:46:12+00:00","og_image":[{"width":1024,"height":1304,"url":"https:\/\/promis.ro\/wp-content\/uploads\/2025\/11\/212_33_300_m-2025_06.jpg","type":"image\/jpeg"}],"twitter_card":"summary_large_image","schema":{"@context":"https:\/\/schema.org","@graph":[{"@type":"WebPage","@id":"https:\/\/promis.ro\/product\/recycled-hooded-padded-parka\/","url":"https:\/\/promis.ro\/product\/recycled-hooded-padded-parka\/","name":"Recycled Hooded Padded Parka - Promis.ro","isPartOf":{"@id":"https:\/\/promis.ro\/#website"},"primaryImageOfPage":{"@id":"https:\/\/promis.ro\/product\/recycled-hooded-padded-parka\/#primaryimage"},"image":{"@id":"https:\/\/promis.ro\/product\/recycled-hooded-padded-parka\/#primaryimage"},"thumbnailUrl":"https:\/\/promis.ro\/wp-content\/uploads\/2025\/11\/212_33_300_m-2025_06.jpg","datePublished":"2025-11-15T03:17:18+00:00","dateModified":"2025-11-15T06:46:12+00:00","description":"Exterior: 100% nailon, reciclat Vat\u0103: 220 g\/m\u00b2, 100% poliester, reciclat\u0103 Captuseala: 100% poliester, reciclat Rezistent la ap\u0103, respirabil \u0219i rezistent","breadcrumb":{"@id":"https:\/\/promis.ro\/product\/recycled-hooded-padded-parka\/#breadcrumb"},"inLanguage":"ro-RO","potentialAction":[{"@type":"ReadAction","target":["https:\/\/promis.ro\/product\/recycled-hooded-padded-parka\/"]}]},{"@type":"ImageObject","inLanguage":"ro-RO","@id":"https:\/\/promis.ro\/product\/recycled-hooded-padded-parka\/#primaryimage","url":"https:\/\/promis.ro\/wp-content\/uploads\/2025\/11\/212_33_300_m-2025_06.jpg","contentUrl":"https:\/\/promis.ro\/wp-content\/uploads\/2025\/11\/212_33_300_m-2025_06.jpg","width":1024,"height":1304},{"@type":"BreadcrumbList","@id":"https:\/\/promis.ro\/product\/recycled-hooded-padded-parka\/#breadcrumb","itemListElement":[{"@type":"ListItem","position":1,"name":"Home","item":"https:\/\/promis.ro\/"},{"@type":"ListItem","position":2,"name":"Magazin","item":"https:\/\/promis.ro\/magazin\/"},{"@type":"ListItem","position":3,"name":"Recycled Hooded Padded Parka"}]},{"@type":"WebSite","@id":"https:\/\/promis.ro\/#website","url":"https:\/\/promis.ro\/","name":"Promis.ro","description":"","potentialAction":[{"@type":"SearchAction","target":{"@type":"EntryPoint","urlTemplate":"https:\/\/promis.ro\/?s={search_term_string}"},"query-input":{"@type":"PropertyValueSpecification","valueRequired":true,"valueName":"search_term_string"}}],"inLanguage":"ro-RO"}]}},"_links":{"self":[{"href":"https:\/\/promis.ro\/ro\/wp-json\/wp\/v2\/product\/233809","targetHints":{"allow":["GET"]}}],"collection":[{"href":"https:\/\/promis.ro\/ro\/wp-json\/wp\/v2\/product"}],"about":[{"href":"https:\/\/promis.ro\/ro\/wp-json\/wp\/v2\/types\/product"}],"replies":[{"embeddable":true,"href":"https:\/\/promis.ro\/ro\/wp-json\/wp\/v2\/comments?post=233809"}],"version-history":[{"count":1,"href":"https:\/\/promis.ro\/ro\/wp-json\/wp\/v2\/product\/233809\/revisions"}],"predecessor-version":[{"id":263780,"href":"https:\/\/promis.ro\/ro\/wp-json\/wp\/v2\/product\/233809\/revisions\/263780"}],"wp:featuredmedia":[{"embeddable":true,"href":"https:\/\/promis.ro\/ro\/wp-json\/wp\/v2\/media\/233804"}],"wp:attachment":[{"href":"https:\/\/promis.ro\/ro\/wp-json\/wp\/v2\/media?parent=233809"}],"wp:term":[{"taxonomy":"product_brand","embeddable":true,"href":"https:\/\/promis.ro\/ro\/wp-json\/wp\/v2\/product_brand?post=233809"},{"taxonomy":"product_cat","embeddable":true,"href":"https:\/\/promis.ro\/ro\/wp-json\/wp\/v2\/product_cat?post=233809"},{"taxonomy":"product_tag","embeddable":true,"href":"https:\/\/promis.ro\/ro\/wp-json\/wp\/v2\/product_tag?post=233809"}],"curies":[{"name":"wp","href":"https:\/\/api.w.org\/{rel}","templated":true}]}}

<p><strong>Exterior:</strong> 100% nailon, reciclat</p>
<p><strong>Vată:</strong> 220 g/m², 100% poliester, reciclată</p>
<p><strong>Captuseala:</strong> 100% poliester, reciclat</p>
<p><strong>Rezistent la apă, respirabil și rezistent la vânt</strong></p>
<p><strong>Design contemporan matlasat</strong></p>
<ul>
<li>Glugă elastică căptușită și legată</li>
<li>Fermoar complet cu clapă de furtună interioară</li>
<li>Bucla suspendată</li>
<li>Buzunare laterale cu fermoar</li>
<li>Buzunar interior</li>
<li>Manșetă elastică</li>
<li>Lungime mai mare</li>
<li>Tivul drept</li>
</ul>
<p>Țesătură reciclată folosind materiale ecologice, fabricate din 22 de sticle de plastic reciclate și deșeuri post-industriale, oferind un echivalent durabil cu firele convenționale.</p>

<p>Exterior: 100% nailon, reciclat Vată: 220 g/m², 100% poliester, reciclată Captuseala: 100% poliester, reciclat Rezistent la apă, respirabil și rezistent</p>

<!-- This site is optimized with the Yoast SEO plugin v27.4 - https://yoast.com/product/yoast-seo-wordpress/ -->
<title>Recycled Hooded Padded Parka - Promis.ro</title>
<meta name="description" content="Exterior: 100% nailon, reciclat Vată: 220 g/m², 100% poliester, reciclată Captuseala: 100% poliester, reciclat Rezistent la apă, respirabil și rezistent" />
<meta name="robots" content="index, follow, max-snippet:-1, max-image-preview:large, max-video-preview:-1" />
<link rel="canonical" href="https://promis.ro/ro/produs/recycled-hooded-padded-parka/" />
<meta property="og:locale" content="ro_RO" />
<meta property="og:type" content="article" />
<meta property="og:title" content="Recycled Hooded Padded Parka - Promis.ro" />
<meta property="og:description" content="Exterior: 100% nailon, reciclat Vată: 220 g/m², 100% poliester, reciclată Captuseala: 100% poliester, reciclat Rezistent la apă, respirabil și rezistent" />
<meta property="og:url" content="https://promis.ro/ro/produs/recycled-hooded-padded-parka/" />
<meta property="og:site_name" content="Promis.ro" />
<meta property="article:modified_time" content="2025-11-15T06:46:12+00:00" />
<meta property="og:image" content="https://promis.ro/wp-content/uploads/2025/11/212_33_300_m-2025_06.jpg" />
	<meta property="og:image:width" content="1024" />
	<meta property="og:image:height" content="1304" />
	<meta property="og:image:type" content="image/jpeg" />
<meta name="twitter:card" content="summary_large_image" />
<script type="application/ld+json" class="yoast-schema-graph">{"@context":"https:\/\/schema.org","@graph":[{"@type":"WebPage","@id":"https:\/\/promis.ro\/product\/recycled-hooded-padded-parka\/","url":"https:\/\/promis.ro\/product\/recycled-hooded-padded-parka\/","name":"Recycled Hooded Padded Parka - Promis.ro","isPartOf":{"@id":"https:\/\/promis.ro\/#website"},"primaryImageOfPage":{"@id":"https:\/\/promis.ro\/product\/recycled-hooded-padded-parka\/#primaryimage"},"image":{"@id":"https:\/\/promis.ro\/product\/recycled-hooded-padded-parka\/#primaryimage"},"thumbnailUrl":"https:\/\/promis.ro\/wp-content\/uploads\/2025\/11\/212_33_300_m-2025_06.jpg","datePublished":"2025-11-15T03:17:18+00:00","dateModified":"2025-11-15T06:46:12+00:00","description":"Exterior: 100% nailon, reciclat Vată: 220 g\/m², 100% poliester, reciclată Captuseala: 100% poliester, reciclat Rezistent la apă, respirabil și rezistent","breadcrumb":{"@id":"https:\/\/promis.ro\/product\/recycled-hooded-padded-parka\/#breadcrumb"},"inLanguage":"ro-RO","potentialAction":[{"@type":"ReadAction","target":["https:\/\/promis.ro\/product\/recycled-hooded-padded-parka\/"]}]},{"@type":"ImageObject","inLanguage":"ro-RO","@id":"https:\/\/promis.ro\/product\/recycled-hooded-padded-parka\/#primaryimage","url":"https:\/\/promis.ro\/wp-content\/uploads\/2025\/11\/212_33_300_m-2025_06.jpg","contentUrl":"https:\/\/promis.ro\/wp-content\/uploads\/2025\/11\/212_33_300_m-2025_06.jpg","width":1024,"height":1304},{"@type":"BreadcrumbList","@id":"https:\/\/promis.ro\/product\/recycled-hooded-padded-parka\/#breadcrumb","itemListElement":[{"@type":"ListItem","position":1,"name":"Home","item":"https:\/\/promis.ro\/"},{"@type":"ListItem","position":2,"name":"Magazin","item":"https:\/\/promis.ro\/magazin\/"},{"@type":"ListItem","position":3,"name":"Recycled Hooded Padded Parka"}]},{"@type":"WebSite","@id":"https:\/\/promis.ro\/#website","url":"https:\/\/promis.ro\/","name":"Promis.ro","description":"","potentialAction":[{"@type":"SearchAction","target":{"@type":"EntryPoint","urlTemplate":"https:\/\/promis.ro\/?s={search_term_string}"},"query-input":{"@type":"PropertyValueSpecification","valueRequired":true,"valueName":"search_term_string"}}],"inLanguage":"ro-RO"}]}</script>
<!-- / Yoast SEO plugin. -->

Exterior: 100% nailon, reciclat Vată: 220 g/m², 100% poliester, reciclată Captuseala: 100% poliester, reciclat Rezistent la apă, respirabil și rezistent
